 the units digit of t?
9
Let a(b) be the second derivative of b**4/12 - 5*b**3/3 + 7*b**2/2 + 2*b. Suppose -3*i = i - 44. What is the units digit of a(i)?
8
Suppose 43 = 2*o - o. What is the units digit of o?
3
Suppose q = -f + 24 - 1, -2*f - 108 = -5*q. Let k = q + 0. Let c = k + -13. What is the units digit of c?
9
Suppose -2*g = -8, -5*x - 1224 = -9*x + 5*g. What is the tens digit of x?
1
Suppose -5*q - 20 = 4*r, q - 1 = r + 4. Suppose -3 = -2*n + 4*i + 53, q = 5*n - i - 140. Let t = n - 17. What is the units digit of t?
1
Let p = -344 + 505. What is the tens digit of p?
6
Let p be -4*1*2/(-4). Suppose 3*m + 35 = 8*m. What is the units digit of (m/p)/((-3)/(-6))?
7
Suppose 5*j - 88 = j. Let b = 37 - j. What is the tens digit of b?
1
Suppose 0 = -h - f - 5 + 44, 4*f + 8 = 0. What is the units digit of h?
1
Suppose 2*w + 13 = 5*m + 3, 5*m - 35 = -3*w. Suppose -3*q + w*q - 4 = -4*a, -3*a + 3 = -5*q. What is the units digit of a?
1
Let l(t) = -3*t + 17. Let c be l(7). What is the tens digit of (-106)/(-4) - c/(-8)?
2
Suppose -24*u = -21*u - 18. What is the units digit of u?
6
Let b(p) = -p - 3. Let o be b(-3). Suppose o = t - 3*t + 22. What is the units digit of t?
1
Let h = -47 - -93. Let s = h + -25. What is the tens digit of s?
2
Let s(t) = t**3 - 6*t**2 - 7*t + 18. What is the tens digit of s(8)?
9
What is the tens digit of 44/11*(-69)/(-12)?
2
Let a be (-9 + 4)*4/(-10). Suppose a*v - o + 7 = 0, v - 2*o + 4 = -1. What is the units digit of 8 - -2*v/6?
7
Suppose 0 = 3*v + 123 - 453. What is the units digit of 21/14 + v/4?
9
Let c(z) = -29*z - 1. Let a be c(-1). Suppose 0 = v - 3*v + a. What is the tens digit of v?
1
Let x(y) = -y**3 - 4*y**2 + y + 3. Let a be x(-5). Let v = a + -13. What is the tens digit of v?
1
Let j be -4 + 12 - (-1 + 2). Suppose -z + 17 = -j. What is the tens digit of z?
2
Suppose 2*c + x + 26 = -0*c, 2*c + 30 = x. Let f be 6/21 - (-4)/c. Suppose 3*z + z - 20 = f. What is the units digit of z?
5
Suppose -8 = -2*z + 2*w, 6*w + 25 = w. What is the tens digit of z*(-9)/3 - -18?
2
Let s(t) = -t**3 + 4*t**2 - 2*t + 4. Let b(u) = -5 + 1 - 2*u**2 + 7*u + u**2 + 1. Let c be b(6). What is the units digit of s(c)?
7
Suppose 0 = 5*t + 13 + 7, -5*t - 20 = w. Suppose w*h = h. Suppose h = -g - g + 14. What is the units digit of g?
7
Let y(j) = 3*j - 4. Let g be y(4). Suppose r - 3*r + g = 0. Suppose 0 = 5*s - r*s - 11. What is the tens digit of s?
1
Let z(a) = a**2 + 3*a + 7. What is the units digit of z(-2)?
5
Let c(l) be the first derivative of -3*l**3 + 17*l**2/2 - 9*l - 1. Let f(w) = -4*w**2 + 8*w - 4. Let d(h) = -3*c(h) + 7*f(h). What is the units digit of d(2)?
5
Suppose -d - 3*p + 34 = 0, d - p = p + 9. What is the tens digit of d?
1
Suppose -5*x = -5*z - 910, -5*x + 910 = 4*z - 2*z. What is the hundreds digit of x?
1
Suppose 4*g + g = 10. Let y be (-60)/(-8) - g/4. Suppose y = d + 2. What is the units digit of d?
5
Suppose 3*s - 2*i - 15 = 0, -5*s = -i - 6 - 19. Suppose 2*d = -3*h + 3, -1 = d + s*h + 1. Suppose -p = -d + 1. What is the units digit of p?
2
Suppose -4*s = 3*d - 1, 4*d + 3*s + 2 = -d. Let p(y) be the first derivative of 7*y**3/3 + y + 1. What is the units digit of p(d)?
8
Let n = 46 + -18. Let p = 11 + -8. Suppose -4*z = -2*z, 0 = -4*f + p*z + n. What is the units digit of f?
7
Let t = 109 - 42. What is the tens digit of t?
6
Let t(y) = -y**2 + 2*y + 6. Let u be t(-3). Let s = 31 + u. What is the units digit of s?
2
Let k = 29 + -7. Let j = 8 + k. What is the units digit of j?
0
Let w(n) = -n**3 + n. Let s be w(1). Let y = s - -2. Suppose y*l - 13 = 1. What is the units digit of l?
7
What is the tens digit of 25*(-2 - 48/(-15))?
3
Suppose 3*t - 4*t = -1. Let x = t + -15. Let g = 24 + x. What is the units digit of g?
0
Let r(t) = -1 - 4 + t + 1. Let n be r(-3). What is the tens digit of (-20)/n*(-28)/(-8)?
1
Suppose -3*d = -4*d. Let m = d + 2. What is the units digit of m?
2
Let l = 25 - 22. Suppose 4*u - 12 = -0. What is the units digit of 14/u - l/(-9)?
5
Let b(l) = -l**3 + 2*l**2 + 1. Suppose 2*s = 3 + 1. Let m be b(s). What is the units digit of (-2 - -3 - 0)*m?
1
Let c(x) = -x. Let z be c(-2). Suppose -5*o = -3*m + 33, -z*o = -5*m - 0*o + 74. Suppose 4*w - 4*v - m = 0, 2*v + v - 36 = -3*w. What is the units digit of w?
8
Suppose 4*b = -11 - 21. Let r(i) = 6*i - 2. Let v(q) = -5*q + 2. Let x(u) = -6*r(u) - 7*v(u). What is the units digit of x(b)?
6
Let y = 48 - 30. What is the units digit of y?
8
Let k(v) = -2*v - 13. Let c = -15 + 2. What is the tens digit of k(c)?
1
What is the units digit of (-2694)/(-66) - 4/(-22)?
1
Let k(s) = s. Let u be k(5). Suppose u*i = 26 + 34. What is the tens digit of i?
1
Suppose -5*v - 5*i = -15, -6 = -3*v - 3*i + i. Suppose -5*h + 4*h = v. Suppose -q = 2*a - 3*q - 18, -3*q = h. What is the units digit of a?
9
Let x(a) = a + 1. Let i(n) = -6*n - 4. Let d(b) = i(b) + 5*x(b). What is the tens digit of d(-9)?
1
Suppose 2*o + 249 = 3*t - 74, -2*o - 212 = -2*t. What is the units digit of t?
1
Let u(r) = -5 - 2*r + 5*r - 4*r. Let o be 120/(-16)*(-8)/(-10). What is the units digit of u(o)?
1
Let q(j) = -26*j - 5 - j**2 + 37*j - 2. What is the units digit of q(7)?
1
Let a(v) = 13 - 3*v - 3 + 2*v. Let p be a(8). Suppose 3*u + p*u = 60. What is the tens digit of u?
1
What is the tens digit of 6/(-9) + 154/6?
2
Suppose 4*h = h. Suppose h = 2*x - 5*x + 24. What is the units digit of x?
8
Let i be 1/((1 + -3)/50). Let n = -10 - i. What is the tens digit of n?
1
Let y(u) = -u**3 - 7*u**2 + 7*u + 9. Let l be 490/(-63) + 4/(-18). What is the tens digit of y(l)?
1
Let w = 337 - 138. What is the hundreds digit of w?
1
Let m be (-3971)/(-66) - (-1)/(-6). Let v = -36 + m. What is the units digit of v?
4
Let o = -5 + 11. Suppose 4 = 4*z - o*z. What is the units digit of z + (1 - -4 - 0)?
3
Suppose 3*z = -x + 577 + 122, -5*x + 699 = 3*z. What is the tens digit of z?
3
Suppose -4*a + 60 + 52 = 0. What is the units digit of a?
8
Let p be (-23)/(-4) + 2/8. Suppose -2*b + x = -37, -x = x + p. What is the units digit of b?
7
Suppose 4*s - 23 - 25 = 0. Let t be (2/4)/((-2)/24). What is the units digit of (-8)/t + 8/s?
2
Let b be (-2)/3 + (-34)/(-6). Suppose 0 = -105*i + 106*i - 8. Suppose b*g = i + 2. What is the units digit of g?
2
Suppose -3*n + 8*n = 0. Suppose n = -17*k + 14*k + 33. What is the tens digit of k?
1
Let g(s) = -s**3 - s**2 + s. Let c be g(-2). What is the tens digit of 76/8 - (-3)/c?
1
Let k(h) be the third derivative of -h**5/60 - h**4/12 + h**3/6 + h**2. Let s(c) be the first derivative of k(c). What is the units digit of s(-3)?
4
Let d = 67 + -67. Let w be 0*(1 - 0) - 0. Suppose w = -h - n + 14, -2*h - 2*n + n + 30 = d. What is the units digit of h?
6
What is the units digit of (-6 + 4557/(-14))*2/(-3)?
1
Let t(b) = 17*b - 8. What is the units digit of t(6)?
4
Suppose -13*w + 0*w = -585. What is the tens digit of w?
4
Suppose -2*y + 15 = 3*y. Suppose y*x = -4*k + 101, -k = -3*x - 21 + 7. What is the units digit of k?
3
Let q(w) = 2*w - 1. Let h be q(2). Suppose 5 = -g + h. What is the units digit of g/(-2 + 60/33)?
1
What is the units digit of 1/((-2)/(-62)) + -2?
9
Suppose 3*c - 22 = 3*k - 4*k, -2*k + c = -30. Suppose -5*b + b + 16 = 0. Suppose 6*p + 5*l - k = 2*p, 2*l - b = -p. What is the units digit of p?
4
Let x(y) = -y**3 - 7*y**2 - 6*y + 8. Let z(s) = s**3 + s**2 - 2. Let f be z(-2). What is the units digit of x(f)?
8
Suppose -2*u - 6 = u. Let j be 3/6*2 - u. Suppose -1 - 2 = -d - x, -j*d - 5*x + 7 = 0. What is the units digit of d?
4
Suppose 2*m - 8 = -2*m. Let f(n) = -2*n - 8 + 3*n + m*n. What is the units digit of f(6)?
0
Suppose -2*f - 10 = -2*m, -2*f + 0 = -3*m + 12. Suppose -q = 3*q + 40. What is the units digit of m/(-4)*(-2 + q)?
6
Suppose 6*r - 3*r = 24. Suppose 0 = -5*p - 3*x + 37, 4 = 3*x - r. Suppose -6*g + 9 = -g + 4*i, 2*i - 17 = -p*g. What is the units digit of g?
5
Suppose 0*n + 3*n = 0. Let q = n + 14. What is the units digit of q?
4
Suppose -8*s + 52 = -508. What is the units digit of s?
0
Let u = 1 + 3. Let y be 2/(-3)*6*-3. Suppose 0*p = -u*p + y. What is the units digit of p?
3
Let u = -43 + 59. What is the tens digit of u?
1
Suppose -5*h + 52 = -h. Suppose -3*u = -n + h, -5 = n + 4*u - u. What is the units digit of n?
4
Let n(u) = -u**3 + 5*u - 1. What